 = -21 + 48. Let l = k + -10. Calculate the remainder when o(1) is divided by l.
14
Let r(i) = 18*i - 13. Let s(v) = -9*v + 6. Let b(h) = -6*r(h) - 13*s(h). Calculate the remainder when b(6) is divided by 14.
12
Suppose 0 = 3*n - 15 + 3. Let j(i) = 2 + 8*i + i**2 - 3*i**3 - 5*i - n*i. What is the remainder when j(-2) is divided by 11?
10
Let j = 24 - 12. Suppose 4*m = 3*q - 253, 2*m + 85 = -5*q - 74. Let z = m + 113. What is the remainder when z is divided by j?
10
Calculate the remainder when ((-3)/9)/(((-1)/(-249))/(-1)) is divided by 23.
14
Calculate the remainder when 991 is divided by (-2948)/(-22) + (-7)/((-14)/16).
139
Suppose -13 = -4*b + 3. Let o(q) = 25*q - 2. Let d be o(-1). Let k = d + 29. Calculate the remainder when b is divided by k.
0
Let i be ((-14)/(-6))/(8/(-24)). Let w = 1 - i. Suppose 2*v + 3*z = 13, -4*z + 19 = 2*v + 5. Calculate the remainder when w is divided by v.
3
Let m(w) = -w. Let k be m(-5). Suppose -q - 47 = -5*v, v + 2 = -k*q + 1. What is the remainder when 24 is divided by v?
6
Let x(n) = 17*n**3 + 9*n - 12. Calculate the remainder when x(2) is divided by 7.
2
Suppose -100 = -5*j + j. Suppose -3*g + 4*g + 12 = -2*w, 0 = -g - w - 7. What is the remainder when j is divided by (-2)/6*-1*(41 + g)?
12
Let z = -1191 + 1198. What is the remainder when z is divided by 2?
1
Let o(l) = l**2 - 10*l + 7. Let m be (-2)/(1*(-4)/30). Calculate the remainder when o(m) is divided by 28.
26
Let f(c) = 7*c + 25. Let g be f(-3). Suppose -4*s + 18 = 3*d, -19 = -s - g*s - 2*d. Calculate the remainder when 4 is divided by s.
1
Let b(o) = 124*o - 2. Let v be b(3). Let l be (-1)/4 - v/(-8). Suppose 5*p - 159 = l. What is the remainder when p is divided by 11?
8
Let h(l) = l**2 - 10*l - 4. Let z be h(14). Let b = z + -36. Let x = -15 + b. Calculate the remainder when 3 is divided by x.
0
Let r = -26 + 27. Suppose p + 0*p - r = 0. Suppose -4*l = -2*s - p - 19, -3*s + 10 = 2*l. Calculate the remainder when 9 is divided by l.
4
Suppose -4*l + p + 12 = 4*p, 3*l = -3*p + 9. Let d = 1 + l. What is the remainder when 4/(1*d/10) is divided by 6?
4
Suppose -2*c - 54 = -20*c. Suppose 0*a + 8*a - 8 = 0. What is the remainder when c is divided by a?
0
Let l(m) = m**2 - 6. Let g be l(-5). Let s = 35 - 45. Let w = g + s. Calculate the remainder when w is divided by 3.
0
Suppose 5*i + 23 = 138. Let q(p) = -p**3 - 8*p**2 + 11*p + 2. Let v be q(-9). Let z = v + i. Calculate the remainder when 27 is divided by z.
6
Let y(c) = -105 + 58 - 9*c + 57. Calculate the remainder when y(-8) is divided by 21.
19
Suppose 5*o + 3*w = 425, -2*o + 3*w + 36 = -113. Calculate the remainder when o is divided by 7.
5
Suppose -3*m + 22 = -5. Let v = -6 + m. Suppose -l + 2 = -1. Calculate the remainder when l is divided by v.
0
Suppose -3*t - 3 = -2*n - 4*t, -2*t = 10. Suppose -f = -3*l + l + 1, n = l. Suppose f*m - 17 = 6*m. What is the remainder when m is divided by 9?
8
Let o = 34 - 31. Suppose 2*q - 134 = 4*l, -2*l + o*l + 268 = 4*q. Suppose -66 = -5*p + 49. What is the remainder when q is divided by p?
21
Suppose 5*d + 93 = 2*d + 4*r, -5*d = r + 132. Suppose -6 = 5*p + 19, -3*s = -4*p - 11. What is the remainder when 12 is divided by (-2)/s - 117/d?
2
What is the remainder when 968 is divided by (18/(-21))/((-31)/1302)?
32
Suppose 5*l = d + 110, -3*d = -5*l + 105 + 5. Calculate the remainder when 83 is divided by l.
17
Calculate the remainder when 98 is divided by (-7910)/(-339)*(2 - 2/4).
28
Let q(o) = -o**3 - 24*o**2 - 26*o - 56. What is the remainder when 163 is divided by q(-23)?
7
Let i(u) = -13*u + 22. What is the remainder when i(-35) is divided by 40?
37
Suppose 3*l - 2*i = 27, 4*l + 2*i = i + 47. Calculate the remainder when 849/l - (-16)/(-88) is divided by 40.
37
Let c(v) = v**3 - 14*v**2 + 18*v - 27. What is the remainder when 137 is divided by c(13)?
23
Let w(s) = 3*s**2 + 2*s + 4. What is the remainder when w(3) is divided by 1092/56 + (-2)/(-4)?
17
Let v(z) = -15*z**2 + 305*z - 11. Let t be -3*1*9/(-1). Let w = t + -4. Calculate the remainder when v(20) is divided by w.
20
Let y(l) = -l**3 + 13*l**2 + l - 7. Let f be y(13). Let q = 12 - f. Suppose -p + q = 4*i, -i = p - 1 - 8. What is the remainder when 48 is divided by p?
8
Suppose 4*n - 4*r - 28 = 204, 3*n = 4*r + 173. Calculate the remainder when n is divided by 21.
17
Suppose -3*s + 57 = -21. Suppose 3*t + 9 - 39 = 0. What is the remainder when s is divided by t?
6
Suppose -2*a = 10 + 10. Let u be -40*(-2)/a*-2. Suppose u = -8*v + 12*v. What is the remainder when v is divided by 3?
1
Let x(k) = k**3 - 27*k**2 - 60*k + 70. What is the remainder when x(29) is divided by 7?
5
Let z(u) = -7*u + 2. Calculate the remainder when 48 is divided by z(-2).
0
Suppose -4*s = -s + q - 17, 5*s = -5*q + 25. What is the remainder when 45 is divided by s?
3
Let g = 30 + -10. Suppose -4*c = -4*a - g, 0*c = -c + 2*a + 1. Suppose c*y - 342 = 6*y. Calculate the remainder when y is divided by 29.
27
What is the remainder when (56 - 47) + 192 + 1 is divided by 105?
97
Let s(g) = -25*g - 251. Calculate the remainder when s(-15) is divided by 21.
19
Suppose 13*n - 56 = 126. What is the remainder when n is divided by 3?
2
Let x be 68/3 + -3 + (-10)/(-3). Suppose -x*v = -28*v + 165. Calculate the remainder when 262 is divided by v.
31
Let p be (-49)/(-14) - (-1)/2. Suppose -2*z = -3*c + 9, -z - 9 = -3*c - p*z. What is the remainder when 50 is divided by 45/c - (-2)/(-1)?
11
Calculate the remainder when (-2 + -101)/(2/(-34)) is divided by 24.
23
Calculate the remainder when 323 is divided by (-145 - -199)*(-2)/(-3).
35
Suppose 14*b - 9*b - 5*m = 775, -6 = -2*m. Calculate the remainder when b is divided by 42.
32
Let x(w) be the first derivative of -13*w**2/2 - 88*w - 37. What is the remainder when x(-16) is divided by 32?
24
Suppose -3*d + 0*d = -129. Let n = 17 - 20. Calculate the remainder when d is divided by 2*11*n/(-6).
10
Suppose -n = -3 + 7. Let b = 3 - n. What is the remainder when 20 is divided by b?
6
Let v = -92 + 98. Suppose 3*x = r + 7, -v = -6*x + 2*x - 2*r. Calculate the remainder when 16 is divided by x.
0
Suppose 30 + 8 = 2*j. Suppose -3*g + 26 = -j. What is the remainder when g is divided by ((-3)/9)/(5/(-90))?
3
Let m(q) = 23*q - 2. What is the remainder when m(4) is divided by 31?
28
Let x(c) be the first derivative of c**4/4 - 3*c**3 + 17*c**2/2 - 12*c - 18. Calculate the remainder when x(9) is divided by 36.
33
What is the remainder when 48 is divided by -4*(5 + -3 + (-46)/4)?
10
Suppose -3*o = -3, -6 = -3*c + 4*o - o. Let j(f) = 2 - 3*f + 0 + 3*f**2 - 5*f + c*f + f**3. Calculate the remainder when 10 is divided by j(-4).
4
Suppose -h - 2*h + 144 = 0. Suppose k + 3*k + 3*v = 91, -2*k = 4*v - h. Suppose 0 = -q, -6 = -u + 2*q + q. What is the remainder when k is divided by u?
4
Let x = -153 - -164. Calculate the remainder when x is divided by (10/4)/((-4)/(-8)).
1
Let v(o) = -5*o + 21. Calculate the remainder when v(-9) is divided by ((-5)/10)/(4/(-288)).
30
Suppose 568 = 16*q - 40. Calculate the remainder when 69 is divided by q.
31
Let a be 3/9*-1 + 245/15. What is the remainder when 24*(100/a)/5 is divided by 17?
13
Let b be (-8 - 2)*5/(-10). Suppose -3*h - i = -49, 3*i + 33 = -2*h + b*h. What is the remainder when 40 is divided by h?
10
Let z(w) = w**3 - 14*w**2 + 3*w - 40. Calculate the remainder when 23 is divided by z(14).
1
Let b(f) = 3*f**2 + 2*f - 32. What is the remainder when b(6) is divided by 29?
1
Suppose 1899 = 96*g - 1139 + 1118. Let v(t) = 79*t**3 - t**2 + t - 1. Calculate the remainder when v(1) is divided by g.
18
Let t = 49 + -22. What is the remainder when 214 is divided by t?
25
Suppose 3*a - 307 = k, 3*k + 283 = 3*a + 8*k. What is the remainder when a is divided by 15?
11
Let l be (-4)/(-26) - (-1916)/52. Let x be (-10)/35 + l/7. Suppose -x*w = 2*q - 17, -q - 3*w - 14 = -2*q. Calculate the remainder when q is divided by 3.
2
Suppose 5*o + 3*t = 40, -5 = 2*o - t - 32. What is the remainder when 202 is divided by o?
4
Suppose 0 = 3*f + 5*s - 102, -2*f + 3*s = -6*f + 136. Let h = 2 + f. Calculate the remainder when h is divided by 19.
17
Let v(r) = -5*r + 8. Let j be v(-4). Suppose l - 5*a - 2 = j, 0 = -2*l + a + 24. What is the remainder when l is divided by 3?
1
Let f = -28 + 31. S